{"id":138,"date":"2021-03-21T15:57:14","date_gmt":"2021-03-21T13:57:14","guid":{"rendered":"https:\/\/seutukustannus.fi\/?page_id=138"},"modified":"2025-03-26T19:24:55","modified_gmt":"2025-03-26T19:24:55","slug":"julkaisut-ja-muut-kirjoitukset","status":"publish","type":"page","link":"https:\/\/seutukustannus.fi\/index.php\/julkaisut-ja-muut-kirjoitukset\/","title":{"rendered":"JULKAISUJA VUOSIEN VARRELTA"},"content":{"rendered":"\n<p><a href=\"https:\/\/seutukustannus.fi\/index.php\/julkaisut-ja-muut-kirjoitukset\/ma-lemmin-kielta-ja-kansaa-sen\/\">Ma lemmin kielta ja kansaa sen<\/a><\/p>\n\n\n\n<p><a href=\"https:\/\/seutukustannus.fi\/index.php\/julkaisut-ja-muut-kirjoitukset\/raikuvat-aplodit-teatteritekijoille-pirkanmaalla\/\">Raikuvat aplodit teatteritekij\u00f6ille Pirkanmaalla<\/a><\/p>\n\n\n\n<p><a href=\"https:\/\/seutukustannus.fi\/index.php\/julkaisut-ja-muut-kirjoitukset\/verkon-silmassa\/\">Verkon silm\u00e4ss<\/a>\u00e4<\/p>\n\n\n\n<p><a href=\"https:\/\/seutukustannus.fi\/index.php\/kauneus-on-katsojan-silmassa\/\">Kauneus on katsojan silm\u00e4ss\u00e4<\/a><\/p>\n\n\n\n<p><a href=\"https:\/\/seutukustannus.fi\/index.php\/kirjallinen-kiertoajelu\/\">Kirjallinen kiertoajelu<\/a><\/p>\n\n\n\n<p><a href=\"https:\/\/seutukustannus.fi\/index.php\/lukutaito-on-yha-sivistyksen-mitta\/\">Lukutaito on yh\u00e4 sivistyksen mitta<\/a><\/p>\n\n\n\n<p>Sanomalehtien otsikkokieli<\/p>\n\n\n\n<p>Havaintoja otsikoiden syntaktisesta rakenteesta ja kielellisist\u00e4 funktioista<\/p>\n\n\n\n<p>Suomen kielen pro gradu -ty\u00f6<\/p>\n\n\n\n<p>Oulun yliopisto, Suomen ja saamen kielen laitos 1978<\/p>\n\n\n\n<p><\/p>\n","protected":false},"excerpt":{"rendered":"<p>Ma lemmin kielta ja kansaa sen Raikuvat aplodit teatteritekij\u00f6ille Pirkanmaalla Verkon silm\u00e4ss\u00e4 Kauneus on katsojan silm\u00e4ss\u00e4 Kirjallinen kiertoajelu Lukutaito on yh\u00e4 sivistyksen mitta Sanomalehtien otsikkokieli Havaintoja otsikoiden syntaktisesta rakenteesta ja kielellisist\u00e4 funktioista Suomen kielen pro gradu -ty\u00f6 Oulun yliopisto, Suomen ja saamen kielen laitos 1978<\/p>\n","protected":false},"author":1,"featured_media":0,"parent":0,"menu_order":0,"comment_status":"closed","ping_status":"closed","template":"","meta":{"footnotes":""},"class_list":["post-138","page","type-page","status-publish","hentry"],"_links":{"self":[{"href":"https:\/\/seutukustannus.fi\/index.php\/wp-json\/wp\/v2\/pages\/138","targetHints":{"allow":["GET"]}}],"collection":[{"href":"https:\/\/seutukustannus.fi\/index.php\/wp-json\/wp\/v2\/pages"}],"about":[{"href":"https:\/\/seutukustannus.fi\/index.php\/wp-json\/wp\/v2\/types\/page"}],"author":[{"embeddable":true,"href":"https:\/\/seutukustannus.fi\/index.php\/wp-json\/wp\/v2\/users\/1"}],"replies":[{"embeddable":true,"href":"https:\/\/seutukustannus.fi\/index.php\/wp-json\/wp\/v2\/comments?post=138"}],"version-history":[{"count":14,"href":"https:\/\/seutukustannus.fi\/index.php\/wp-json\/wp\/v2\/pages\/138\/revisions"}],"predecessor-version":[{"id":1654,"href":"https:\/\/seutukustannus.fi\/index.php\/wp-json\/wp\/v2\/pages\/138\/revisions\/1654"}],"wp:attachment":[{"href":"https:\/\/seutukustannus.fi\/index.php\/wp-json\/wp\/v2\/media?parent=138"}],"curies":[{"name":"wp","href":"https:\/\/api.w.org\/{rel}","templated":true}]}}