{"id":204,"date":"2021-03-23T22:18:00","date_gmt":"2021-03-23T20:18:00","guid":{"rendered":"https:\/\/seutukustannus.fi\/?page_id=204"},"modified":"2021-03-23T22:18:00","modified_gmt":"2021-03-23T20:18:00","slug":"matala-maa-korkealla-taivas","status":"publish","type":"page","link":"https:\/\/seutukustannus.fi\/index.php\/matala-maa-korkealla-taivas\/","title":{"rendered":"Matala maa, korkealla taivas"},"content":{"rendered":"\n<p>Tamperelaisen runoilijan Oili Sainilan kirja <em>Matala maa, korkealla taivas<\/em> on h\u00e4nen ensimm\u00e4inen proosamuotoinen kaunokirjallinen ty\u00f6ns\u00e4. <\/p>\n\n\n\n<p>Kirja kertoo Selma ja Juho Lindhin perheen tarinan 1800-luvun lopusta 1940-luvulle. P\u00e4\u00e4henkil\u00f6t l\u00f6yt\u00e4v\u00e4t kotipaikkansa muiden seudulle muuttaneiden tavoin Limingan peltojen per\u00e4lt\u00e4, Ketunmaasta. He juurtuvat maahan ja kyl\u00e4yhteis\u00f6\u00f6n. He kiinnittyv\u00e4t vaiheineen elinaikansa Suomen historiaan eiv\u00e4tk\u00e4 siksi v\u00e4lty my\u00f6sk\u00e4\u00e4n maailmanhistorian k\u00e4\u00e4nteilt\u00e4.<\/p>\n\n\n\n<p>\u201cJos omistat maan, maa omistaa sinut\u201d, entisen torpparin poika Johan Lindh sanoo palatessaan kotiin viimeisest\u00e4 sodastaan, Lapin sodasta. Vapauden ja itsen\u00e4isyyden toteutuminen osoittautuukin kaikkein suurimmaksi haasteeksi kirjan henkil\u00f6iden el\u00e4m\u00e4ss\u00e4.<\/p>\n\n\n\n<p>Arviointi Kalevassa 14.6.2021<\/p>\n\n\n\n<figure class=\"wp-block-image size-large\"><img loading=\"lazy\" decoding=\"async\" width=\"1024\" height=\"385\" src=\"https:\/\/seutukustannus.fi\/wp-content\/uploads\/2021\/06\/Kalevan-arvostelu-1024x385.png\" alt=\"\" class=\"wp-image-348\" srcset=\"https:\/\/seutukustannus.fi\/wp-content\/uploads\/2021\/06\/Kalevan-arvostelu-1024x385.png 1024w, https:\/\/seutukustannus.fi\/wp-content\/uploads\/2021\/06\/Kalevan-arvostelu-300x113.png 300w, https:\/\/seutukustannus.fi\/wp-content\/uploads\/2021\/06\/Kalevan-arvostelu-768x289.png 768w, https:\/\/seutukustannus.fi\/wp-content\/uploads\/2021\/06\/Kalevan-arvostelu.png 1459w\" sizes=\"auto, (max-width: 767px) 89vw, (max-width: 1000px) 54vw, (max-width: 1071px) 543px, 580px\" \/><\/figure>\n","protected":false},"excerpt":{"rendered":"<p>Tamperelaisen runoilijan Oili Sainilan kirja Matala maa, korkealla taivas on h\u00e4nen ensimm\u00e4inen proosamuotoinen kaunokirjallinen ty\u00f6ns\u00e4. Kirja kertoo Selma ja Juho Lindhin perheen tarinan 1800-luvun lopusta 1940-luvulle. P\u00e4\u00e4henkil\u00f6t l\u00f6yt\u00e4v\u00e4t kotipaikkansa muiden seudulle muuttaneiden tavoin Limingan peltojen per\u00e4lt\u00e4, Ketunmaasta. He juurtuvat maahan ja kyl\u00e4yhteis\u00f6\u00f6n. He kiinnittyv\u00e4t vaiheineen elinaikansa Suomen historiaan eiv\u00e4tk\u00e4 siksi v\u00e4lty my\u00f6sk\u00e4\u00e4n maailmanhistorian k\u00e4\u00e4nteilt\u00e4. \u201cJos &hellip; <\/p>\n<p class=\"link-more\"><a href=\"https:\/\/seutukustannus.fi\/index.php\/matala-maa-korkealla-taivas\/\" class=\"more-link\">Jatka lukemista<span class=\"screen-reader-text\"> &#8221;Matala maa, korkealla taivas&#8221;<\/span><\/a><\/p>\n","protected":false},"author":1,"featured_media":0,"parent":0,"menu_order":0,"comment_status":"closed","ping_status":"closed","template":"","meta":{"footnotes":""},"class_list":["post-204","page","type-page","status-publish","hentry"],"_links":{"self":[{"href":"https:\/\/seutukustannus.fi\/index.php\/wp-json\/wp\/v2\/pages\/204","targetHints":{"allow":["GET"]}}],"collection":[{"href":"https:\/\/seutukustannus.fi\/index.php\/wp-json\/wp\/v2\/pages"}],"about":[{"href":"https:\/\/seutukustannus.fi\/index.php\/wp-json\/wp\/v2\/types\/page"}],"author":[{"embeddable":true,"href":"https:\/\/seutukustannus.fi\/index.php\/wp-json\/wp\/v2\/users\/1"}],"replies":[{"embeddable":true,"href":"https:\/\/seutukustannus.fi\/index.php\/wp-json\/wp\/v2\/comments?post=204"}],"version-history":[{"count":0,"href":"https:\/\/seutukustannus.fi\/index.php\/wp-json\/wp\/v2\/pages\/204\/revisions"}],"wp:attachment":[{"href":"https:\/\/seutukustannus.fi\/index.php\/wp-json\/wp\/v2\/media?parent=204"}],"curies":[{"name":"wp","href":"https:\/\/api.w.org\/{rel}","templated":true}]}}

<p>Tamperelaisen runoilijan Oili Sainilan kirja <em>Matala maa, korkealla taivas</em> on hänen ensimmäinen proosamuotoinen kaunokirjallinen työnsä. </p>



<p>Kirja kertoo Selma ja Juho Lindhin perheen tarinan 1800-luvun lopusta 1940-luvulle. Päähenkilöt löytävät kotipaikkansa muiden seudulle muuttaneiden tavoin Limingan peltojen perältä, Ketunmaasta. He juurtuvat maahan ja kyläyhteisöön. He kiinnittyvät vaiheineen elinaikansa Suomen historiaan eivätkä siksi välty myöskään maailmanhistorian käänteiltä.</p>



<p>“Jos omistat maan, maa omistaa sinut”, entisen torpparin poika Johan Lindh sanoo palatessaan kotiin viimeisestä sodastaan, Lapin sodasta. Vapauden ja itsenäisyyden toteutuminen osoittautuukin kaikkein suurimmaksi haasteeksi kirjan henkilöiden elämässä.</p>



<p>Arviointi Kalevassa 14.6.2021</p>



<figure class="wp-block-image size-large"><img loading="lazy" decoding="async" width="1024" height="385" src="https://seutukustannus.fi/wp-content/uploads/2021/06/Kalevan-arvostelu-1024x385.png" alt="" class="wp-image-348" srcset="https://seutukustannus.fi/wp-content/uploads/2021/06/Kalevan-arvostelu-1024x385.png 1024w, https://seutukustannus.fi/wp-content/uploads/2021/06/Kalevan-arvostelu-300x113.png 300w, https://seutukustannus.fi/wp-content/uploads/2021/06/Kalevan-arvostelu-768x289.png 768w, https://seutukustannus.fi/wp-content/uploads/2021/06/Kalevan-arvostelu.png 1459w" sizes="auto, (max-width: 767px) 89vw, (max-width: 1000px) 54vw, (max-width: 1071px) 543px, 580px" /></figure>

<p>Tamperelaisen runoilijan Oili Sainilan kirja Matala maa, korkealla taivas on hänen ensimmäinen proosamuotoinen kaunokirjallinen työnsä. Kirja kertoo Selma ja Juho Lindhin perheen tarinan 1800-luvun lopusta 1940-luvulle. Päähenkilöt löytävät kotipaikkansa muiden seudulle muuttaneiden tavoin Limingan peltojen perältä, Ketunmaasta. He juurtuvat maahan ja kyläyhteisöön. He kiinnittyvät vaiheineen elinaikansa Suomen historiaan eivätkä siksi välty myöskään maailmanhistorian käänteiltä. “Jos &hellip; </p>
<p class="link-more"><a href="https://seutukustannus.fi/index.php/matala-maa-korkealla-taivas/" class="more-link">Jatka lukemista<span class="screen-reader-text"> &#8221;Matala maa, korkealla taivas&#8221;</span></a></p>
