{"id":974,"date":"2022-11-28T18:32:51","date_gmt":"2022-11-28T18:32:51","guid":{"rendered":"https:\/\/seutukustannus.fi\/?page_id=974"},"modified":"2023-01-15T12:50:01","modified_gmt":"2023-01-15T12:50:01","slug":"vesi-muistatko","status":"publish","type":"page","link":"https:\/\/seutukustannus.fi\/index.php\/vesi-muistatko\/","title":{"rendered":"Vesi, muistatko? &#8211; Esko Kuusisto"},"content":{"rendered":"\n<p>Vesi, muistatko? Kyll\u00e4 vesi muistaa. Se ei tietenk\u00e4\u00e4n tied\u00e4 muistavansa, mutta se taltioi historiaansa tavoilla, joita ihminen osaa nyky\u00e4\u00e4n tulkita. Taitavin taltioija on veden kiinte\u00e4 olomuoto, j\u00e4\u00e4. Siell\u00e4 ne ovat \u2013 menneet ilmastot, n\u00e4l\u00e4nh\u00e4d\u00e4t, tulivuorenpurkaukset \u2013 H<sub>2<\/sub>O:n muistissa.<\/p>\n\n\n\n<p>&nbsp;&nbsp;&nbsp;&nbsp;&nbsp;&nbsp;&nbsp;&nbsp;&nbsp;&nbsp;&nbsp;&nbsp;&nbsp;&nbsp;&nbsp;&nbsp;&nbsp; Vesi maksoi minulle palkkaa 46 vuotta. Nauroimme ja itkimme yhdess\u00e4. Kaikenlaista sattui. Miksi polvistuin Tamminiemen lattialle? Miksi saunoin j\u00e4\u00e4m\u00f6ykyll\u00e4 istuen? Muistelen my\u00f6s veden ansiosta tapaamiani ihmisi\u00e4 kuten David Livingstonea ja Eino Gr\u00f6ni\u00e4.<\/p>\n\n\n\n<p>&nbsp;&nbsp;&nbsp;&nbsp;&nbsp;&nbsp;&nbsp;&nbsp;&nbsp;&nbsp;&nbsp;&nbsp;&nbsp;&nbsp;&nbsp;&nbsp;&nbsp; Minua vesi ei muista. Ei edes se vesi, jossa kaikki muistoni t\u00e4ll\u00e4 hetkell\u00e4 uiskentelevat \u2013 p\u00e4\u00e4kopassani.<\/p>\n\n\n\n<figure class=\"wp-block-image size-large\"><img loading=\"lazy\" decoding=\"async\" width=\"1024\" height=\"768\" src=\"https:\/\/seutukustannus.fi\/wp-content\/uploads\/2022\/12\/IMG_20221203_124101-1024x768.jpg\" alt=\"\" class=\"wp-image-1002\" srcset=\"https:\/\/seutukustannus.fi\/wp-content\/uploads\/2022\/12\/IMG_20221203_124101-1024x768.jpg 1024w, https:\/\/seutukustannus.fi\/wp-content\/uploads\/2022\/12\/IMG_20221203_124101-300x225.jpg 300w, https:\/\/seutukustannus.fi\/wp-content\/uploads\/2022\/12\/IMG_20221203_124101-768x576.jpg 768w, https:\/\/seutukustannus.fi\/wp-content\/uploads\/2022\/12\/IMG_20221203_124101-1536x1152.jpg 1536w, https:\/\/seutukustannus.fi\/wp-content\/uploads\/2022\/12\/IMG_20221203_124101-2048x1536.jpg 2048w\" sizes=\"auto, (max-width: 767px) 89vw, (max-width: 1000px) 54vw, (max-width: 1071px) 543px, 580px\" \/><figcaption><strong>Tampereen kirjafestarit\/ Kirjamessut Tampere-talossa 3.12.2022.  Esko Kuusistoa haastatteli dosentti, TkT  Tapio Katko.<\/strong><\/figcaption><\/figure>\n\n\n\n<figure class=\"wp-block-image size-large\"><img loading=\"lazy\" decoding=\"async\" width=\"1024\" height=\"449\" src=\"https:\/\/seutukustannus.fi\/wp-content\/uploads\/2023\/01\/20230113_154953korjattu-muokattu-1024x449.jpg\" alt=\"\" class=\"wp-image-1117\" srcset=\"https:\/\/seutukustannus.fi\/wp-content\/uploads\/2023\/01\/20230113_154953korjattu-muokattu-1024x449.jpg 1024w, https:\/\/seutukustannus.fi\/wp-content\/uploads\/2023\/01\/20230113_154953korjattu-muokattu-300x132.jpg 300w, https:\/\/seutukustannus.fi\/wp-content\/uploads\/2023\/01\/20230113_154953korjattu-muokattu-768x337.jpg 768w, https:\/\/seutukustannus.fi\/wp-content\/uploads\/2023\/01\/20230113_154953korjattu-muokattu-1536x674.jpg 1536w, https:\/\/seutukustannus.fi\/wp-content\/uploads\/2023\/01\/20230113_154953korjattu-muokattu-2048x898.jpg 2048w\" sizes=\"auto, (max-width: 767px) 89vw, (max-width: 1000px) 54vw, (max-width: 1071px) 543px, 580px\" \/><figcaption>RUOVESI-LEHTI 12.1.2023<\/figcaption><\/figure>\n","protected":false},"excerpt":{"rendered":"<p>Vesi, muistatko? Kyll\u00e4 vesi muistaa. Se ei tietenk\u00e4\u00e4n tied\u00e4 muistavansa, mutta se taltioi historiaansa tavoilla, joita ihminen osaa nyky\u00e4\u00e4n tulkita. Taitavin taltioija on veden kiinte\u00e4 olomuoto, j\u00e4\u00e4. Siell\u00e4 ne ovat \u2013 menneet ilmastot, n\u00e4l\u00e4nh\u00e4d\u00e4t, tulivuorenpurkaukset \u2013 H2O:n muistissa. &nbsp;&nbsp;&nbsp;&nbsp;&nbsp;&nbsp;&nbsp;&nbsp;&nbsp;&nbsp;&nbsp;&nbsp;&nbsp;&nbsp;&nbsp;&nbsp;&nbsp; Vesi maksoi minulle palkkaa 46 vuotta. Nauroimme ja itkimme yhdess\u00e4. Kaikenlaista sattui. Miksi polvistuin Tamminiemen lattialle? &hellip; <\/p>\n<p class=\"link-more\"><a href=\"https:\/\/seutukustannus.fi\/index.php\/vesi-muistatko\/\" class=\"more-link\">Jatka lukemista<span class=\"screen-reader-text\"> &#8221;Vesi, muistatko? &#8211; Esko Kuusisto&#8221;<\/span><\/a><\/p>\n","protected":false},"author":1,"featured_media":0,"parent":0,"menu_order":0,"comment_status":"closed","ping_status":"closed","template":"","meta":{"footnotes":""},"class_list":["post-974","page","type-page","status-publish","hentry"],"_links":{"self":[{"href":"https:\/\/seutukustannus.fi\/index.php\/wp-json\/wp\/v2\/pages\/974","targetHints":{"allow":["GET"]}}],"collection":[{"href":"https:\/\/seutukustannus.fi\/index.php\/wp-json\/wp\/v2\/pages"}],"about":[{"href":"https:\/\/seutukustannus.fi\/index.php\/wp-json\/wp\/v2\/types\/page"}],"author":[{"embeddable":true,"href":"https:\/\/seutukustannus.fi\/index.php\/wp-json\/wp\/v2\/users\/1"}],"replies":[{"embeddable":true,"href":"https:\/\/seutukustannus.fi\/index.php\/wp-json\/wp\/v2\/comments?post=974"}],"version-history":[{"count":5,"href":"https:\/\/seutukustannus.fi\/index.php\/wp-json\/wp\/v2\/pages\/974\/revisions"}],"predecessor-version":[{"id":1119,"href":"https:\/\/seutukustannus.fi\/index.php\/wp-json\/wp\/v2\/pages\/974\/revisions\/1119"}],"wp:attachment":[{"href":"https:\/\/seutukustannus.fi\/index.php\/wp-json\/wp\/v2\/media?parent=974"}],"curies":[{"name":"wp","href":"https:\/\/api.w.org\/{rel}","templated":true}]}}

<p>Vesi, muistatko? Kyllä vesi muistaa. Se ei tietenkään tiedä muistavansa, mutta se taltioi historiaansa tavoilla, joita ihminen osaa nykyään tulkita. Taitavin taltioija on veden kiinteä olomuoto, jää. Siellä ne ovat – menneet ilmastot, nälänhädät, tulivuorenpurkaukset – H<sub>2</sub>O:n muistissa.</p>



<p>&nbsp;&nbsp;&nbsp;&nbsp;&nbsp;&nbsp;&nbsp;&nbsp;&nbsp;&nbsp;&nbsp;&nbsp;&nbsp;&nbsp;&nbsp;&nbsp;&nbsp; Vesi maksoi minulle palkkaa 46 vuotta. Nauroimme ja itkimme yhdessä. Kaikenlaista sattui. Miksi polvistuin Tamminiemen lattialle? Miksi saunoin jäämöykyllä istuen? Muistelen myös veden ansiosta tapaamiani ihmisiä kuten David Livingstonea ja Eino Gröniä.</p>



<p>&nbsp;&nbsp;&nbsp;&nbsp;&nbsp;&nbsp;&nbsp;&nbsp;&nbsp;&nbsp;&nbsp;&nbsp;&nbsp;&nbsp;&nbsp;&nbsp;&nbsp; Minua vesi ei muista. Ei edes se vesi, jossa kaikki muistoni tällä hetkellä uiskentelevat – pääkopassani.</p>



<figure class="wp-block-image size-large"><img loading="lazy" decoding="async" width="1024" height="768" src="https://seutukustannus.fi/wp-content/uploads/2022/12/IMG_20221203_124101-1024x768.jpg" alt="" class="wp-image-1002" srcset="https://seutukustannus.fi/wp-content/uploads/2022/12/IMG_20221203_124101-1024x768.jpg 1024w, https://seutukustannus.fi/wp-content/uploads/2022/12/IMG_20221203_124101-300x225.jpg 300w, https://seutukustannus.fi/wp-content/uploads/2022/12/IMG_20221203_124101-768x576.jpg 768w, https://seutukustannus.fi/wp-content/uploads/2022/12/IMG_20221203_124101-1536x1152.jpg 1536w, https://seutukustannus.fi/wp-content/uploads/2022/12/IMG_20221203_124101-2048x1536.jpg 2048w" sizes="auto, (max-width: 767px) 89vw, (max-width: 1000px) 54vw, (max-width: 1071px) 543px, 580px" /><figcaption><strong>Tampereen kirjafestarit/ Kirjamessut Tampere-talossa 3.12.2022.  Esko Kuusistoa haastatteli dosentti, TkT  Tapio Katko.</strong></figcaption></figure>



<figure class="wp-block-image size-large"><img loading="lazy" decoding="async" width="1024" height="449" src="https://seutukustannus.fi/wp-content/uploads/2023/01/20230113_154953korjattu-muokattu-1024x449.jpg" alt="" class="wp-image-1117" srcset="https://seutukustannus.fi/wp-content/uploads/2023/01/20230113_154953korjattu-muokattu-1024x449.jpg 1024w, https://seutukustannus.fi/wp-content/uploads/2023/01/20230113_154953korjattu-muokattu-300x132.jpg 300w, https://seutukustannus.fi/wp-content/uploads/2023/01/20230113_154953korjattu-muokattu-768x337.jpg 768w, https://seutukustannus.fi/wp-content/uploads/2023/01/20230113_154953korjattu-muokattu-1536x674.jpg 1536w, https://seutukustannus.fi/wp-content/uploads/2023/01/20230113_154953korjattu-muokattu-2048x898.jpg 2048w" sizes="auto, (max-width: 767px) 89vw, (max-width: 1000px) 54vw, (max-width: 1071px) 543px, 580px" /><figcaption>RUOVESI-LEHTI 12.1.2023</figcaption></figure>

<p>Vesi, muistatko? Kyllä vesi muistaa. Se ei tietenkään tiedä muistavansa, mutta se taltioi historiaansa tavoilla, joita ihminen osaa nykyään tulkita. Taitavin taltioija on veden kiinteä olomuoto, jää. Siellä ne ovat – menneet ilmastot, nälänhädät, tulivuorenpurkaukset – H2O:n muistissa. &nbsp;&nbsp;&nbsp;&nbsp;&nbsp;&nbsp;&nbsp;&nbsp;&nbsp;&nbsp;&nbsp;&nbsp;&nbsp;&nbsp;&nbsp;&nbsp;&nbsp; Vesi maksoi minulle palkkaa 46 vuotta. Nauroimme ja itkimme yhdessä. Kaikenlaista sattui. Miksi polvistuin Tamminiemen lattialle? &hellip; </p>
<p class="link-more"><a href="https://seutukustannus.fi/index.php/vesi-muistatko/" class="more-link">Jatka lukemista<span class="screen-reader-text"> &#8221;Vesi, muistatko? &#8211; Esko Kuusisto&#8221;</span></a></p>
